
True
Is 86923 a prime number?
True
Is 311723 a prime number?
False
Is 69899 a composite number?
False
Is 446 composite?
True
Is 15689 prime?
False
Is 1504093 a composite number?
False
Is 4937 prime?
True
Is 7403 a composite number?
True
Is 47447 prime?
False
Is 91423 prime?
True
Is 5639 prime?
True
Is 187483 prime?
False
Is 626929 a composite number?
False
Is 143513 a composite number?
False
Is 3989 prime?
True
Is 898701 a prime number?
False
Is 20431 a composite number?
False
Is 282221 a composite number?
False
Is 32117 composite?
False
Is 66901 prime?
False
Is 736867 prime?
True
Is 25969 composite?
False
Is 990922 composite?
True
Is 130783 a composite number?
False
Is 17753 prime?
False
Is 1151 prime?
True
Is 150827 a prime number?
True
Is 20341 a composite number?
False
Is 845827 composite?
True
Is 16163 composite?
True
Is 989 a composite number?
True
Is 1733 a composite number?
False
Is 237751 composite?
True
Is 1543 a composite number?
False
Is 6353 composite?
False
Is 675689 composite?
True
Is 410047 a composite number?
True
Is 233 a prime number?
True
Is 10949 a prime number?
True
Is 44871 a composite number?
True
Is 28123 a prime number?
True
Is 232409 a prime number?
True
Is 943 a prime number?
False
Is 99443 a composite number?
True
Is 145891 composite?
True
Is 6491 composite?
False
Is 268861 a composite number?
False
Is 138742 composite?
True
Is 7583 a composite number?
False
Is 17153 prime?
False
Is 6839 composite?
True
Is 331 a composite number?
False
Is 325877 a prime number?
True
Is 109 composite?
False
Is 41153 prime?
False
Is 11993 a composite number?
True
Is 168985 prime?
False
Is 245783 composite?
False
Is 261127 a prime number?
True
Is 102423 a composite number?
True
Is 427 a prime number?
False
Is 133847 composite?
True
Is 67426 a prime number?
False
Is 981337 prime?
False
Is 27509 a composite number?
False
Is 328481 prime?
True
Is 128449 a prime number?
True
Is 2531 a prime number?
True
Is 16411 prime?
True
Is 20261 a composite number?
False
Is 52981 composite?
False
Is 187873 a prime number?
False
Is 230881 prime?
False
Is 338659 a composite number?
False
Is 157559 prime?
True
Is 44293 a prime number?
True
Is 12301 composite?
False
Is 6819 prime?
False
Is 248371 a prime number?
True
Is 504173 a prime number?
False
Is 7586 composite?
True
Is 3545 prime?
False
Is 55849 prime?
True
Is 6113 prime?
True
Is 2863 composite?
True
Is 7647 composite?
True
Is 6667 composite?
True
Is 4679 composite?
False
Is 155579 a prime number?
True
Is 4393 a prime number?
False
Is 103361 a composite number?
True
Is 11393 a composite number?
False
Is 3763 a composite number?
True
Is 12422 a prime number?
False
Is 5251 a composite number?
True
Is 12869 prime?
False
Is 82027 prime?
False
Is 166207 composite?
False
Is 473 composite?
True
Is 58822 a composite number?
True
Is 474803 a prime number?
False
Is 31767 composite?
True
Is 301123 composite?
False
Is 9803 composite?
False
Is 7919 prime?
True
Is 965087 a prime number?
True
Is 1574 composite?
True
Is 3433 a composite number?
False
Is 30193 a composite number?
True
Is 33119 composite?
False
Is 67283 prime?
False
Is 392383 a composite number?
False
Is 16871 a composite number?
False
Is 251 a composite number?
False
Is 889059 a prime number?
False
Is 35611 prime?
False
Is 4327 a composite number?
False
Is 2459 prime?
True
Is 18923 a composite number?
True
Is 85385 prime?
False
Is 3593 a composite number?
False
Is 11157 a prime number?
False
Is 6756863 a composite number?
False
Is 15701 composite?
True
Is 2234029 a prime number?
False
Is 25703 prime?
True
Is 4195 a prime number?
False
Is 22853 a prime number?
True
Is 53017 a composite number?
False
Is 9941 a prime number?
True
Is 250643 composite?
False
Is 222283 a composite number?
True
Is 53467 a prime number?
False
Is 133411 composite?
True
Is 107999 a composite number?
False
Is 1049 composite?
False
Is 6157 a composite number?
True
Is 38827 a composite number?
True
Is 71387 a prime number?
True
Is 102761 composite?
False
Is 1108243 a prime number?
False
Is 3943 a composite number?
False
Is 150341 prime?
False
Is 301021 composite?
True
Is 222731 prime?
True
Is 248359 composite?
True
Is 24733 prime?
True
Is 852341 a composite number?
True
Is 2321 a prime number?
False
Is 774833 prime?
True
Is 144949 a prime number?
False
Is 106087 a prime number?
True
Is 553 a composite number?
True
Is 2174 composite?
True
Is 182053 composite?
True
Is 1622407 composite?
False
Is 127567 a composite number?
True
Is 53871 prime?
False
Is 2921 composite?
True
Is 4541 composite?
True
Is 7151 composite?
False
Is 1361 a prime number?
True
Is 237901 a composite number?
False
Is 55477 a composite number?
True
Is 1931 a composite number?
False
Is 565007 prime?
False
Is 14503 a prime number?
True
Is 1222255 prime?
False
Is 392911 composite?
False
Is 22171 composite?
False
Is 24829 prime?
False
Is 1177 a prime number?
False
Is 3739 prime?
True
Is 6437 a prime number?
False
Is 5403745 a composite number?
True
Is 23081 a prime number?
True
Is 12451 a prime number?
True
Is 397219 a prime number?
False
Is 84361 prime?
False
Is 100173 a prime number?
False
Is 3163 composite?
False
Is 12047 a prime number?
False
Is 1356247 composite?
False
Is 3491 prime?
True
Is 1263047 a composite number?
False
Is 121859 a prime number?
False
Is 62171 a prime number?
True
Is 234457 a prime number?
True
Is 6167 a composite number?
True
Is 34691 a prime number?
False
Is 70337 composite?
True
Is 79138 a prime number?
False
Is 3351 a prime number?
False
Is 15787 a prime number?
True
Is 692513 composite?
False
Is 26359 a prime number?
False
Is 407567 prime?
True
Is 128143 a composite number?
True
Is 654697 a composite number?
False
Is 830579 prime?
True
Is 1034707 composite?
False
Is 11677 composite?
False
Is 1191 a composite number?
True
Is 428303 a composite number?
False
Is 847453 composite?
False
Is 5141 a prime number?
False
Is 20626 prime?
False
Is 11969 a composite number?
False
Is 17539 prime?
True
Is 2845 prime?
False
Is 19015 composite?
True
Is 129113 prime?
True
Is 7103 a composite number?
False
Is 15551 prime?
True
Is 643681 composite?
False
Is 151835 composite?
True
Is 159719 prime?
False
Is 73907 a composite number?
False
Is 113255 composite?
True
Is 1589935 a prime number?
False
Is 780407 composite?
True
Is 2321 composite?
True
Is 28081 a composite number?
False
Is 91909 prime?
True
Is 146651 a prime number?
False
Is 9221 prime?
True
Is 14971 a composite number?
True
Is 77681 prime?
True
Is 55313 composite?
False
Is 152939 prime?
True
Is 349073 a composite number?
True
Is 14941 prime?
False
Is 1511 composite?
False
Is 9649 a prime number?
True
Is 27533 a composite number?
True
Is 11197 prime?
True
Is 105785 prime?
False
Is 13607 prime?
False
Is 74759 composite?
False
Is 527099 composite?
False
Is 428483 composite?
True
Is 9487 prime?
False
Is 50719 a prime number?
False
Is 27893 a prime number?
True
Is 2923 composite?
True
Is 186389 prime?
False
Is 46043 prime?
False
Is 291077 prime?
True
Is 6043 composite?
False
Is 180589 composite?
True
Is 281665 a prime number?
False
Is 6389 composite?
False
Is 49183 a prime number?
False
Is 11863 a composite number?
False
Is 205473 a prime number?
False
Is 33227 prime?
False
Is 1235909 a composite number?
False
Is 16249 a composite number?
False
Is 1362131 a prime number?
True
Is 3691 composite?
False
Is 50497 a prime number?
True
Is 3371 prime?
True
Is 14281 composite?
False
Is 45281 composite?
False
Is 736717 a composite number?
False
Is 3761 composite?
False
Is 3329 a prime number?
True
Is 176849 a composite number?
False
Is 25435 prime?
False
Is 5077 a composite number?
False
Is 42491 composite?
False
Is 175543 a composite number?
False
Is 107083 a prime number?
False
Is 37803 a composite number?
True
Is 134801 prime?
False
Is 2203 a prime number?
True
Is 9793 composite?
True
Is 6549583 a composite number?
False
Is 2579 a composite number?
False
Is 46919 composite?
False
Is 216877 prime?
True
Is 132477 a composite number?
True
Is 4783 a prime number?
True
Is 22769 a prime number?
True
Is 5353 composite?
True
Is 38707 a composite number?
False
Is 493843 a composite number?
True
Is 21971 a prime number?
False
Is 541 composite?
False
Is 317045